{"id":2,"date":"2016-05-10T03:48:21","date_gmt":"2016-05-10T03:48:21","guid":{"rendered":"http:\/\/wp.mmj-edv.de\/?page_id=2"},"modified":"2017-12-06T13:46:40","modified_gmt":"2017-12-06T12:46:40","slug":"sample-page","status":"publish","type":"page","link":"http:\/\/wp.mmj-edv.de\/?page_id=2","title":{"rendered":"IT-Consulting &#8211; auf die richtige  Beratung kommt es an"},"content":{"rendered":"<p>Die Informationstechnologie (IT) durchdringt immer mehr Bereiche der Unternehmenswelt. Was sich fr\u00fcher auf Massenverarbeitung in der Auftragsbearbeitung, Buchhaltung und Warenwirtschaft beschr\u00e4nkt hat, hat heute in nahezu allen Bereiche der Arbeitswelt Fuss gefasst. Ein Arbeiten ohne Computer ist kaum noch m\u00f6glich.<\/p>\n<p>Nahezu alle Bereiche der Arbiets- und Unternehmenswelt vernetzen sich immer dichter. Das macht es immer schwieriger dieses Komplexe Geflecht zu verstehen und es zu steuern. Da ist guter Rat sehr wertvoll.<\/p>\n<blockquote><p>Wer heute und in Zukunft mit seinem Unternehmen erfolgreich im Wettbewerb stehen m\u00f6chte, der muss in IT-Fragen gut beraten sein<\/p><\/blockquote>\n<p>Umfassende und neutrale Beratung ist daher ein wichtiges Thema.<\/p>\n<p>Wir wollen Ihnen gerne helfen, in dieser komplexen Landschaft IT-Systeme erfolgreich zum Einstzu zu bringen.<\/p>\n","protected":false},"excerpt":{"rendered":"<p>Die Informationstechnologie (IT) durchdringt immer mehr Bereiche der Unternehmenswelt. Was sich fr\u00fcher auf Massenverarbeitung in der Auftragsbearbeitung, Buchhaltung und Warenwirtschaft beschr\u00e4nkt hat, hat heute in nahezu allen Bereiche der Arbeitswelt Fuss gefasst. Ein Arbeiten ohne Computer ist kaum noch m\u00f6glich. Nahezu alle Bereiche der Arbiets- und Unternehmenswelt vernetzen sich immer dichter. Das macht es immer<\/p>\n<p class=\"more-link\"><a href=\"http:\/\/wp.mmj-edv.de\/?page_id=2\" class=\"themebutton\">Read More<\/a><\/p>\n","protected":false},"author":1,"featured_media":20,"parent":0,"menu_order":0,"comment_status":"closed","ping_status":"open","template":"template-no-background.php","meta":[],"_links":{"self":[{"href":"http:\/\/wp.mmj-edv.de\/index.php?rest_route=\/wp\/v2\/pages\/2"}],"collection":[{"href":"http:\/\/wp.mmj-edv.de\/index.php?rest_route=\/wp\/v2\/pages"}],"about":[{"href":"http:\/\/wp.mmj-edv.de\/index.php?rest_route=\/wp\/v2\/types\/page"}],"author":[{"embeddable":true,"href":"http:\/\/wp.mmj-edv.de\/index.php?rest_route=\/wp\/v2\/users\/1"}],"replies":[{"embeddable":true,"href":"http:\/\/wp.mmj-edv.de\/index.php?rest_route=%2Fwp%2Fv2%2Fcomments&post=2"}],"version-history":[{"count":4,"href":"http:\/\/wp.mmj-edv.de\/index.php?rest_route=\/wp\/v2\/pages\/2\/revisions"}],"predecessor-version":[{"id":111,"href":"http:\/\/wp.mmj-edv.de\/index.php?rest_route=\/wp\/v2\/pages\/2\/revisions\/111"}],"wp:featuredmedia":[{"embeddable":true,"href":"http:\/\/wp.mmj-edv.de\/index.php?rest_route=\/wp\/v2\/media\/20"}],"wp:attachment":[{"href":"http:\/\/wp.mmj-edv.de\/index.php?rest_route=%2Fwp%2Fv2%2Fmedia&parent=2"}],"curies":[{"name":"wp","href":"https:\/\/api.w.org\/{rel}","templated":true}]}}