{"id":38,"date":"2017-12-04T13:16:00","date_gmt":"2017-12-04T13:16:00","guid":{"rendered":"http:\/\/wp.mmj-edv.de\/?page_id=38"},"modified":"2017-12-04T13:16:00","modified_gmt":"2017-12-04T13:16:00","slug":"softwareentwicklung","status":"publish","type":"page","link":"http:\/\/wp.mmj-edv.de\/?page_id=38","title":{"rendered":"Softwareentwicklung"},"content":{"rendered":"<p>Kostendruck und Wirtschaftlichkeit beatimmen heutzutage das Leben in Unternehmen. Die Informationstechnologie verk\u00fcrzt Arbeitsabl\u00e4ufe, beschleunigt Vorg\u00e4nge und Kommunikation. Daf\u00fcr werden viele Standardl\u00f6sungen am Markt angeboten, die mehr oder weniger miteinander vernetzt sind.<\/p>\n<p>Daher ist passgenauer Einsatz von Software im Unternehmen ma\u00dfgeblich f\u00fcr dessen Erfolg. Standardl\u00f6sungen sind mehr oder weniger g\u00fcnstig zu haben. Mit ihrem Einsatz werden Abl\u00e4ufe in den Unternehmen gleich geschaltet. Aber wo bleibt dabei die unternehmensspezifische Besonderheit, ihre St\u00e4rle, die das Unternehmen von allen anderen abhebt?<\/p>\n<p><strong>Eingepasste und ma\u00dfgeschneiderte Software sichert das, was Ihr Unternehmen ausmacht.<\/strong><\/p>\n","protected":false},"excerpt":{"rendered":"<p>Kostendruck und Wirtschaftlichkeit beatimmen heutzutage das Leben in Unternehmen. Die Informationstechnologie verk\u00fcrzt Arbeitsabl\u00e4ufe, beschleunigt Vorg\u00e4nge und Kommunikation. Daf\u00fcr werden viele Standardl\u00f6sungen am Markt angeboten, die mehr oder weniger miteinander vernetzt sind. Daher ist passgenauer Einsatz von Software im Unternehmen ma\u00dfgeblich f\u00fcr dessen Erfolg. Standardl\u00f6sungen sind mehr oder weniger g\u00fcnstig zu haben. Mit ihrem Einsatz werden<\/p>\n<p class=\"more-link\"><a href=\"http:\/\/wp.mmj-edv.de\/?page_id=38\" class=\"themebutton\">Read More<\/a><\/p>\n","protected":false},"author":1,"featured_media":0,"parent":0,"menu_order":0,"comment_status":"closed","ping_status":"closed","template":"","meta":[],"_links":{"self":[{"href":"http:\/\/wp.mmj-edv.de\/index.php?rest_route=\/wp\/v2\/pages\/38"}],"collection":[{"href":"http:\/\/wp.mmj-edv.de\/index.php?rest_route=\/wp\/v2\/pages"}],"about":[{"href":"http:\/\/wp.mmj-edv.de\/index.php?rest_route=\/wp\/v2\/types\/page"}],"author":[{"embeddable":true,"href":"http:\/\/wp.mmj-edv.de\/index.php?rest_route=\/wp\/v2\/users\/1"}],"replies":[{"embeddable":true,"href":"http:\/\/wp.mmj-edv.de\/index.php?rest_route=%2Fwp%2Fv2%2Fcomments&post=38"}],"version-history":[{"count":2,"href":"http:\/\/wp.mmj-edv.de\/index.php?rest_route=\/wp\/v2\/pages\/38\/revisions"}],"predecessor-version":[{"id":40,"href":"http:\/\/wp.mmj-edv.de\/index.php?rest_route=\/wp\/v2\/pages\/38\/revisions\/40"}],"wp:attachment":[{"href":"http:\/\/wp.mmj-edv.de\/index.php?rest_route=%2Fwp%2Fv2%2Fmedia&parent=38"}],"curies":[{"name":"wp","href":"https:\/\/api.w.org\/{rel}","templated":true}]}}